{"id":5355,"date":"2026-01-23T07:10:16","date_gmt":"2026-01-23T07:10:16","guid":{"rendered":"https:\/\/simplo.ro\/?page_id=5355"},"modified":"2026-01-23T07:55:19","modified_gmt":"2026-01-23T07:55:19","slug":"legal-politica-de-anulare","status":"publish","type":"page","link":"https:\/\/simplo.ro\/index.php\/legal-politica-de-anulare\/","title":{"rendered":"Legal &#8211; Politica de anulare"},"content":{"rendered":"<p>[vc_row][vc_column][vc_column_text]<\/p>\n<h2 data-start=\"397\" data-end=\"422\">1. Informa\u021bii generale<\/h2>\n<p data-start=\"424\" data-end=\"584\">Prezenta Politic\u0103 de Anulare se aplic\u0103 tuturor comenzilor plasate pe site-ul <strong data-start=\"501\" data-end=\"514\">simplo.ro<\/strong>, precum \u0219i comenzilor realizate prin platforme marketplace partenere.<\/p>\n<p data-start=\"586\" data-end=\"741\">Aceast\u0103 politic\u0103 reglementeaz\u0103 condi\u021biile \u00een care o comand\u0103 poate fi anulat\u0103 de c\u0103tre Client sau de c\u0103tre V\u00e2nz\u0103tor, \u00eenainte sau dup\u0103 expedierea produselor.<\/p>\n<hr data-start=\"743\" data-end=\"746\" \/>\n<h2 data-start=\"748\" data-end=\"810\">2. Anularea comenzii de c\u0103tre Client \u2013 \u00eenainte de expediere<\/h2>\n<p data-start=\"812\" data-end=\"965\">Clientul poate solicita anularea unei comenzi <strong data-start=\"858\" data-end=\"902\">doar \u00eenainte ca aceasta s\u0103 fie expediat\u0103<\/strong>, prin transmiterea unei solicit\u0103ri scrise la adresa de e-mail:<\/p>\n<p data-start=\"967\" data-end=\"994\">\ud83d\udce7 <strong data-start=\"970\" data-end=\"994\">contact[at]simplo.ro<\/strong><\/p>\n<p data-start=\"996\" data-end=\"1027\">Solicitarea trebuie s\u0103 con\u021bin\u0103:<\/p>\n<ul data-start=\"1028\" data-end=\"1096\">\n<li data-start=\"1028\" data-end=\"1046\">\n<p data-start=\"1030\" data-end=\"1046\">num\u0103rul comenzii<\/p>\n<\/li>\n<li data-start=\"1047\" data-end=\"1076\">\n<p data-start=\"1049\" data-end=\"1076\">numele titularului comenzii<\/p>\n<\/li>\n<li data-start=\"1077\" data-end=\"1096\">\n<p data-start=\"1079\" data-end=\"1096\">datele de contact<\/p>\n<\/li>\n<\/ul>\n<p data-start=\"1098\" data-end=\"1218\">Dac\u0103 solicitarea este recep\u021bionat\u0103 <strong data-start=\"1133\" data-end=\"1168\">\u00eenainte de procesarea logistic\u0103<\/strong>, comanda va fi anulat\u0103 f\u0103r\u0103 costuri suplimentare.<\/p>\n<hr data-start=\"1220\" data-end=\"1223\" \/>\n<h2 data-start=\"1225\" data-end=\"1263\">3. Anularea comenzii dup\u0103 expediere<\/h2>\n<p data-start=\"1265\" data-end=\"1321\">\u00cen cazul \u00een care comanda a fost deja predat\u0103 curierului:<\/p>\n<ul data-start=\"1322\" data-end=\"1431\">\n<li data-start=\"1322\" data-end=\"1353\">\n<p data-start=\"1324\" data-end=\"1353\">anularea NU mai este posibil\u0103<\/p>\n<\/li>\n<li data-start=\"1354\" data-end=\"1431\">\n<p data-start=\"1356\" data-end=\"1431\">comanda va urma procedura standard de retur, conform <strong data-start=\"1409\" data-end=\"1431\">Politicii de Retur<\/strong><\/p>\n<\/li>\n<\/ul>\n<p data-start=\"1433\" data-end=\"1490\">Costurile de transport tur \u0219i retur NU sunt rambursabile.<\/p>\n<hr data-start=\"1492\" data-end=\"1495\" \/>\n<h2 data-start=\"1497\" data-end=\"1540\">4. Anularea comenzilor achitate \u00een avans<\/h2>\n<p data-start=\"1542\" data-end=\"1574\">Pentru comenzile pl\u0103tite online:<\/p>\n<ul data-start=\"1575\" data-end=\"1733\">\n<li data-start=\"1575\" data-end=\"1664\">\n<p data-start=\"1577\" data-end=\"1664\">suma achitat\u0103 va fi rambursat\u0103 <strong data-start=\"1608\" data-end=\"1620\">integral<\/strong>, dac\u0103 anularea are loc \u00eenainte de expediere<\/p>\n<\/li>\n<li data-start=\"1665\" data-end=\"1733\">\n<p data-start=\"1667\" data-end=\"1733\">rambursarea se face prin aceea\u0219i metod\u0103 de plat\u0103 utilizat\u0103 ini\u021bial<\/p>\n<\/li>\n<\/ul>\n<p data-start=\"1735\" data-end=\"1833\">Termenul de rambursare este de maximum <strong data-start=\"1774\" data-end=\"1800\">14 zile calendaristice<\/strong>, conform legisla\u021biei \u00een vigoare.<\/p>\n<hr data-start=\"1835\" data-end=\"1838\" \/>\n<h2 data-start=\"1840\" data-end=\"1881\">5. Anularea comenzii de c\u0103tre V\u00e2nz\u0103tor<\/h2>\n<p data-start=\"1883\" data-end=\"2019\">V\u00e2nz\u0103torul \u00ee\u0219i rezerv\u0103 dreptul de a anula o comand\u0103, f\u0103r\u0103 obliga\u021bii suplimentare, \u00een urm\u0103toarele situa\u021bii (f\u0103r\u0103 a se limita la acestea):<\/p>\n<ul data-start=\"2021\" data-end=\"2229\">\n<li data-start=\"2021\" data-end=\"2042\">\n<p data-start=\"2023\" data-end=\"2042\">produs indisponibil<\/p>\n<\/li>\n<li data-start=\"2043\" data-end=\"2070\">\n<p data-start=\"2045\" data-end=\"2070\">erori tehnice sau de pre\u021b<\/p>\n<\/li>\n<li data-start=\"2071\" data-end=\"2122\">\n<p data-start=\"2073\" data-end=\"2122\">date incomplete sau incorecte furnizate de Client<\/p>\n<\/li>\n<li data-start=\"2123\" data-end=\"2149\">\n<p data-start=\"2125\" data-end=\"2149\">imposibilitatea livr\u0103rii<\/p>\n<\/li>\n<li data-start=\"2150\" data-end=\"2172\">\n<p data-start=\"2152\" data-end=\"2172\">suspiciuni de fraud\u0103<\/p>\n<\/li>\n<li data-start=\"2173\" data-end=\"2229\">\n<p data-start=\"2175\" data-end=\"2229\">refuzuri repetate sau neridicarea coletelor anterioare<\/p>\n<\/li>\n<\/ul>\n<p data-start=\"2231\" data-end=\"2321\">\u00cen aceste cazuri, Clientul va fi informat, iar sumele achitate vor fi rambursate integral.<\/p>\n<hr data-start=\"2323\" data-end=\"2326\" \/>\n<h2 data-start=\"2328\" data-end=\"2381\">6. Anularea comenzilor cu livrare prin marketplace<\/h2>\n<p data-start=\"2383\" data-end=\"2429\">Pentru comenzile plasate prin marketplace-uri:<\/p>\n<ul data-start=\"2430\" data-end=\"2619\">\n<li data-start=\"2430\" data-end=\"2491\">\n<p data-start=\"2432\" data-end=\"2491\">anularea se face conform procedurilor platformei respective<\/p>\n<\/li>\n<li data-start=\"2492\" data-end=\"2556\">\n<p data-start=\"2494\" data-end=\"2556\">solicit\u0103rile pot fi adresate \u0219i prin canalele marketplace-ului<\/p>\n<\/li>\n<li data-start=\"2557\" data-end=\"2619\">\n<p data-start=\"2559\" data-end=\"2619\">prezenta politic\u0103 se aplic\u0103 \u00een completare, \u00een limitele legii<\/p>\n<\/li>\n<\/ul>\n<hr data-start=\"2621\" data-end=\"2624\" \/>\n<h2 data-start=\"2626\" data-end=\"2658\">7. Efectele anul\u0103rii comenzii<\/h2>\n<p data-start=\"2660\" data-end=\"2689\">Anularea comenzii conduce la:<\/p>\n<ul data-start=\"2690\" data-end=\"2835\">\n<li data-start=\"2690\" data-end=\"2740\">\n<p data-start=\"2692\" data-end=\"2740\">\u00eencetarea obliga\u021biilor contractuale dintre p\u0103r\u021bi<\/p>\n<\/li>\n<li data-start=\"2741\" data-end=\"2788\">\n<p data-start=\"2743\" data-end=\"2788\">rambursarea sumelor achitate, dac\u0103 este cazul<\/p>\n<\/li>\n<li data-start=\"2789\" data-end=\"2835\">\n<p data-start=\"2791\" data-end=\"2835\">anularea livr\u0103rii \u0219i a documentelor aferente<\/p>\n<\/li>\n<\/ul>\n<hr data-start=\"2837\" data-end=\"2840\" \/>\n<h2 data-start=\"2842\" data-end=\"2867\">8. Abuzuri \u0219i limit\u0103ri<\/h2>\n<p data-start=\"2869\" data-end=\"2905\">V\u00e2nz\u0103torul \u00ee\u0219i rezerv\u0103 dreptul de a:<\/p>\n<ul data-start=\"2906\" data-end=\"3051\">\n<li data-start=\"2906\" data-end=\"2945\">\n<p data-start=\"2908\" data-end=\"2945\">refuza anul\u0103ri repetate nejustificate<\/p>\n<\/li>\n<li data-start=\"2946\" data-end=\"2988\">\n<p data-start=\"2948\" data-end=\"2988\">restric\u021biona accesul la comenzi viitoare<\/p>\n<\/li>\n<li data-start=\"2989\" data-end=\"3051\">\n<p data-start=\"2991\" data-end=\"3051\">solicita confirm\u0103ri suplimentare pentru comenzile ulterioare<\/p>\n<\/li>\n<\/ul>\n<hr data-start=\"3053\" data-end=\"3056\" \/>\n<h2 data-start=\"3058\" data-end=\"3074\">9. Comunicare<\/h2>\n<p data-start=\"3076\" data-end=\"3155\">Orice solicitare privind anularea comenzilor se transmite exclusiv \u00een scris la:<\/p>\n<p data-start=\"3157\" data-end=\"3184\">\ud83d\udce7 <strong data-start=\"3160\" data-end=\"3184\">contact[at]simplo.ro<\/strong><\/p>\n<p data-start=\"3186\" data-end=\"3250\">Solicit\u0103rile transmise prin alte canale pot s\u0103 nu fie procesate.<\/p>\n<hr data-start=\"3252\" data-end=\"3255\" \/>\n<h2 data-start=\"3257\" data-end=\"3281\">10. Dispozi\u021bii finale<\/h2>\n<p data-start=\"3283\" data-end=\"3389\">Prezenta Politic\u0103 de Anulare face parte integrant\u0103 din <strong data-start=\"3338\" data-end=\"3364\">Termenii \u0219i Condi\u021biile<\/strong> site-ului <strong data-start=\"3375\" data-end=\"3388\">simplo.ro<\/strong>.<\/p>\n<p data-start=\"3391\" data-end=\"3540\">V\u00e2nz\u0103torul \u00ee\u0219i rezerv\u0103 dreptul de a modifica aceast\u0103 politic\u0103, versiunea actualizat\u0103 fiind aplicabil\u0103 comenzilor plasate ulterior public\u0103rii pe site.<\/p>\n<p>[\/vc_column_text][\/vc_column][\/vc_row]<\/p>\n","protected":false},"excerpt":{"rendered":"<p>[vc_row][vc_column][vc_column_text] 1. Informa\u021bii generale Prezenta Politic\u0103 de Anulare se aplic\u0103 tuturor comenzilor plasate pe site-ul simplo.ro, precum \u0219i comenzilor realizate prin platforme marketplace partenere. Aceast\u0103 politic\u0103 reglementeaz\u0103 condi\u021biile \u00een care<\/p>\n","protected":false},"author":1,"featured_media":0,"parent":0,"menu_order":0,"comment_status":"closed","ping_status":"closed","template":"","meta":{"_acf_changed":false,"footnotes":""},"class_list":["post-5355","page","type-page","status-publish","hentry"],"acf":[],"_links":{"self":[{"href":"https:\/\/simplo.ro\/index.php\/wp-json\/wp\/v2\/pages\/5355","targetHints":{"allow":["GET"]}}],"collection":[{"href":"https:\/\/simplo.ro\/index.php\/wp-json\/wp\/v2\/pages"}],"about":[{"href":"https:\/\/simplo.ro\/index.php\/wp-json\/wp\/v2\/types\/page"}],"author":[{"embeddable":true,"href":"https:\/\/simplo.ro\/index.php\/wp-json\/wp\/v2\/users\/1"}],"replies":[{"embeddable":true,"href":"https:\/\/simplo.ro\/index.php\/wp-json\/wp\/v2\/comments?post=5355"}],"version-history":[{"count":2,"href":"https:\/\/simplo.ro\/index.php\/wp-json\/wp\/v2\/pages\/5355\/revisions"}],"predecessor-version":[{"id":5378,"href":"https:\/\/simplo.ro\/index.php\/wp-json\/wp\/v2\/pages\/5355\/revisions\/5378"}],"wp:attachment":[{"href":"https:\/\/simplo.ro\/index.php\/wp-json\/wp\/v2\/media?parent=5355"}],"curies":[{"name":"wp","href":"https:\/\/api.w.org\/{rel}","templated":true}]}}