{"id":5385,"date":"2026-01-23T08:06:54","date_gmt":"2026-01-23T08:06:54","guid":{"rendered":"https:\/\/simplo.ro\/?page_id=5385"},"modified":"2026-01-23T08:07:31","modified_gmt":"2026-01-23T08:07:31","slug":"despre-simplo-ro","status":"publish","type":"page","link":"https:\/\/simplo.ro\/index.php\/despre-simplo-ro\/","title":{"rendered":"Despre Simplo.ro"},"content":{"rendered":"<p>[vc_row][vc_column][vc_column_text]<\/p>\n<p data-start=\"479\" data-end=\"641\"><strong data-start=\"479\" data-end=\"492\">simplo.ro<\/strong> este un magazin online dedicat <strong data-start=\"524\" data-end=\"559\">oferirii de produse de calitate<\/strong>, livrate pe tot teritoriul Rom\u00e2niei, \u00eentr-un mod transparent, corect \u0219i eficient.<\/p>\n<p data-start=\"643\" data-end=\"792\">Ne concentr\u0103m pe:<br \/>\n\u2714\ufe0f experienta simpl\u0103 \u0219i rapid\u0103<br data-start=\"691\" data-end=\"694\" \/>\u2714\ufe0f selec\u021bia de produse relevante pentru nevoile tale<br data-start=\"746\" data-end=\"749\" \/>\u2714\ufe0f coeren\u021b\u0103 \u00eentre pre\u021b, calitate \u0219i livrare<\/p>\n<p data-start=\"794\" data-end=\"1057\">Suntem <strong data-start=\"801\" data-end=\"826\">un marketplace modern<\/strong> care colaboreaz\u0103 cu furnizori \u0219i operatori logistici de top din Europa. Modelele noastre de livrare, inclusiv <strong data-start=\"937\" data-end=\"953\">dropshipping<\/strong>, ne permit s\u0103 \u00ee\u021bi oferim o gam\u0103 larg\u0103 de produse f\u0103r\u0103 a fi nevoie s\u0103 gestion\u0103m stocuri fizice la sediu.<\/p>\n<hr data-start=\"1059\" data-end=\"1062\" \/>\n<h3 data-start=\"1064\" data-end=\"1084\">Misiunea noastr\u0103<\/h3>\n<p data-start=\"1086\" data-end=\"1163\">La <strong data-start=\"1089\" data-end=\"1102\">simplo.ro<\/strong>, credem c\u0103 <strong data-start=\"1114\" data-end=\"1153\">simplificarea cump\u0103r\u0103turilor online<\/strong> \u00eenseamn\u0103:<\/p>\n<ul data-start=\"1164\" data-end=\"1290\">\n<li data-start=\"1164\" data-end=\"1201\">\n<p data-start=\"1166\" data-end=\"1201\">interac\u021biuni clare \u0219i f\u0103r\u0103 surprize<\/p>\n<\/li>\n<li data-start=\"1202\" data-end=\"1253\">\n<p data-start=\"1204\" data-end=\"1253\">facturare \u0219i retururi conforme legislatiei rom\u00e2ne<\/p>\n<\/li>\n<li data-start=\"1254\" data-end=\"1290\">\n<p data-start=\"1256\" data-end=\"1290\">comunicare deschis\u0103 la fiecare pas<\/p>\n<\/li>\n<\/ul>\n<p data-start=\"1292\" data-end=\"1420\">Ne dorim s\u0103 construim o <strong data-start=\"1316\" data-end=\"1355\">rela\u021bie de \u00eencredere pe termen lung<\/strong> cu fiecare client, bazat\u0103 pe performan\u021b\u0103, onestitate \u0219i respect.<\/p>\n<hr data-start=\"1422\" data-end=\"1425\" \/>\n<h3 data-start=\"1427\" data-end=\"1449\">Ce ne diferen\u021biaz\u0103<\/h3>\n<p data-start=\"1451\" data-end=\"1485\"><strong data-start=\"1451\" data-end=\"1485\">Practic. Transparent. Complet.<\/strong><\/p>\n<ul data-start=\"1487\" data-end=\"1796\">\n<li data-start=\"1487\" data-end=\"1547\">\n<p data-start=\"1489\" data-end=\"1547\"><strong data-start=\"1489\" data-end=\"1507\">Catalog extins<\/strong> \u2013 produse diverse pentru nevoi multiple<\/p>\n<\/li>\n<li data-start=\"1548\" data-end=\"1604\">\n<p data-start=\"1550\" data-end=\"1604\"><strong data-start=\"1550\" data-end=\"1568\">Livrare rapid\u0103<\/strong> \u2013 parteneri logistici profesioni\u0219ti<\/p>\n<\/li>\n<li data-start=\"1605\" data-end=\"1670\">\n<p data-start=\"1607\" data-end=\"1670\"><strong data-start=\"1607\" data-end=\"1626\">Comunicare 360\u00b0<\/strong> \u2013 suport prin e-mail \u0219i formular de contact<\/p>\n<\/li>\n<li data-start=\"1671\" data-end=\"1737\">\n<p data-start=\"1673\" data-end=\"1737\"><strong data-start=\"1673\" data-end=\"1691\">Politici clare<\/strong> \u2013 return\u0103ri, anul\u0103ri, GDPR, confiden\u021bialitate<\/p>\n<\/li>\n<li data-start=\"1738\" data-end=\"1796\">\n<p data-start=\"1740\" data-end=\"1796\"><strong data-start=\"1740\" data-end=\"1764\">Transparen\u021b\u0103 fiscal\u0103<\/strong> \u2013 factur\u0103 pentru fiecare client<\/p>\n<\/li>\n<\/ul>\n<hr data-start=\"1798\" data-end=\"1801\" \/>\n<h3 data-start=\"1803\" data-end=\"1823\">Valorile noastre<\/h3>\n<p data-start=\"1825\" data-end=\"2054\">\ud83d\udccc <strong data-start=\"1828\" data-end=\"1843\">Integritate<\/strong> \u2013 comunic\u0103m direct \u0219i corect<br data-start=\"1872\" data-end=\"1875\" \/>\ud83d\udccc <strong data-start=\"1878\" data-end=\"1892\">Simplitate<\/strong> \u2013 navigare u\u0219oar\u0103, proces comenzi intuitiv<br data-start=\"1935\" data-end=\"1938\" \/>\ud83d\udccc <strong data-start=\"1941\" data-end=\"1961\">Responsabilitate<\/strong> \u2013 \u00ee\u021bi respect\u0103m drepturile legale<br data-start=\"1995\" data-end=\"1998\" \/>\ud83d\udccc <strong data-start=\"2001\" data-end=\"2016\">Performan\u021b\u0103<\/strong> \u2013 livr\u0103ri rapide \u0219i solu\u021bii eficiente<\/p>\n<hr data-start=\"2056\" data-end=\"2059\" \/>\n<h3 data-start=\"2061\" data-end=\"2071\">Echipa<\/h3>\n<p data-start=\"2073\" data-end=\"2312\">Simplo este construit de o echip\u0103 de profesioni\u0219ti cu experien\u021b\u0103 \u00een e-commerce, logistic\u0103, dezvoltare tehnic\u0103 \u0219i suport clien\u021bi. Scopul nostru este s\u0103 \u00ee\u021bi oferim nu doar produse, ci <strong data-start=\"2255\" data-end=\"2291\">o experien\u021b\u0103 complet\u0103 \u0219i corect\u0103<\/strong> de cump\u0103rare online.<\/p>\n<hr data-start=\"2314\" data-end=\"2317\" \/>\n<h3 data-start=\"2319\" data-end=\"2335\">Parteneriate<\/h3>\n<p data-start=\"2337\" data-end=\"2409\">Colabor\u0103m cu marketplace-uri \u0219i furnizori importan\u021bi pentru a \u00ee\u021bi aduce:<\/p>\n<ul data-start=\"2410\" data-end=\"2483\">\n<li data-start=\"2410\" data-end=\"2431\">\n<p data-start=\"2412\" data-end=\"2431\">produse actualizate<\/p>\n<\/li>\n<li data-start=\"2432\" data-end=\"2461\">\n<p data-start=\"2434\" data-end=\"2461\">op\u021biuni multiple de livrare<\/p>\n<\/li>\n<li data-start=\"2462\" data-end=\"2483\">\n<p data-start=\"2464\" data-end=\"2483\">pre\u021buri competitive<\/p>\n<\/li>\n<\/ul>\n<p>[\/vc_column_text][\/vc_column][\/vc_row]<\/p>\n","protected":false},"excerpt":{"rendered":"<p>[vc_row][vc_column][vc_column_text] simplo.ro este un magazin online dedicat oferirii de produse de calitate, livrate pe tot teritoriul Rom\u00e2niei, \u00eentr-un mod transparent, corect \u0219i eficient. Ne concentr\u0103m pe: \u2714\ufe0f experienta simpl\u0103 \u0219i<\/p>\n","protected":false},"author":1,"featured_media":0,"parent":0,"menu_order":0,"comment_status":"closed","ping_status":"closed","template":"","meta":{"_acf_changed":false,"footnotes":""},"class_list":["post-5385","page","type-page","status-publish","hentry"],"acf":[],"_links":{"self":[{"href":"https:\/\/simplo.ro\/index.php\/wp-json\/wp\/v2\/pages\/5385","targetHints":{"allow":["GET"]}}],"collection":[{"href":"https:\/\/simplo.ro\/index.php\/wp-json\/wp\/v2\/pages"}],"about":[{"href":"https:\/\/simplo.ro\/index.php\/wp-json\/wp\/v2\/types\/page"}],"author":[{"embeddable":true,"href":"https:\/\/simplo.ro\/index.php\/wp-json\/wp\/v2\/users\/1"}],"replies":[{"embeddable":true,"href":"https:\/\/simplo.ro\/index.php\/wp-json\/wp\/v2\/comments?post=5385"}],"version-history":[{"count":2,"href":"https:\/\/simplo.ro\/index.php\/wp-json\/wp\/v2\/pages\/5385\/revisions"}],"predecessor-version":[{"id":5387,"href":"https:\/\/simplo.ro\/index.php\/wp-json\/wp\/v2\/pages\/5385\/revisions\/5387"}],"wp:attachment":[{"href":"https:\/\/simplo.ro\/index.php\/wp-json\/wp\/v2\/media?parent=5385"}],"curies":[{"name":"wp","href":"https:\/\/api.w.org\/{rel}","templated":true}]}}